f c and 9.
9
Suppose 6*n = 11*n - 80. What is the highest common divisor of 6 and n?
2
Let i(p) = 3*p - 1. Let b be i(-2). Let c = 10 + b. Suppose 0 = -2*z + 8, -j - 6 + 1 = -5*z. What is the greatest common divisor of j and c?
3
Suppose k - 4 = -1. Calculate the highest common divisor of 6 and k.
3
Let s = 8 - 6. Let q = 1 - s. Let a = q - -2. Calculate the highest common divisor of 1 and a.
1
Let y(a) = -8*a. Let d be y(-7). Suppose 0 = -3*x - 5 - 1. Let i be 1/x*2*-7. What is the greatest common factor of d and i?
7
Let x be 21/28 - 217/(-4). Calculate the highest common factor of x and 5.
5
Let d = 526 + -373. Calculate the greatest common divisor of 9 and d.
9
Let a(k) = 27*k + 4. Let p be a(4). Let j be (0/(-2))/(-4 - -2). Suppose -l + 16 - 2 = j. What is the greatest common divisor of p and l?
14
Let s = -34 + 56. Calculate the highest common factor of 2 and s.
2
Let q(i) = 2*i - 3. Let n be q(-3). Let g(v) = -v**2 - 10*v + 9. Let l be g(n). Calculate the greatest common divisor of 9 and l.
9
Let u(y) be the first derivative of -y**3/3 + 3*y**2 + 2*y + 2. Let z be (3*-2)/(0 + -1). Let w be u(z). Calculate the greatest common factor of w and 2.
2
Let r = 23 - -1. Let f(s) = -s**2 + 8*s - 10. Let p be f(7). Let o be (4 - -2) + (p - -3). Calculate the greatest common factor of o and r.
6
Suppose 0 = -3*f - f + 252. Let i = -2 - -9. Calculate the greatest common factor of f and i.
7
Let j = 6 - 10. Let d = j - -5. Calculate the greatest common factor of 9 and d.
1
Let u(p) = -17*p. Let j be u(-1). Let v(b) = b**2 + 17*b + 21. Let w be v(-15). Let k = j + w. Calculate the greatest common factor of k and 48.
8
Let m = -80 - -152. What is the greatest common factor of 12 and m?
12
Suppose 5*j - 3*p = -p + 138, 5*p = -j + 6. Calculate the greatest common divisor of j and 208.
26
Suppose 0 = 7*h - 299 + 89. Calculate the highest common divisor of h and 12.
6
Let u = 297 - 126. Let k(x) = x**3 - 4*x**2 + 5. Let g be k(4). Suppose g*o + 3*r - 10 - 88 = 0, 2*o - 5*r = 33. Calculate the highest common factor of u and o.
19
Let j be 35 + -1 + -4 + 3. Calculate the greatest common divisor of j and 3.
3
Suppose -u + 6*u - 240 = 0. Let k(p) = p**3 - 2*p**2 - 4*p. Let y be k(4). What is the greatest common factor of y and u?
16
Let i = -21 + 32. Let m(a) = 197*a**3 + 2*a**2 - 2*a + 1. Let g be m(1). Let l be (3/6)/(1/g). Calculate the greatest common divisor of l and i.
11
Let m = 337 - 194. Suppose 5*s + 7 = 17. Suppose -s*k = -j - 3*k + 12, 3*k + 29 = 2*j. Calculate the highest common factor of m and j.
13
Let s(r) be the third derivative of r**6/120 + r**5/6 - r**4/12 - 2*r**3 - 5*r**2. Let j be s(-10). Calculate the highest common divisor of j and 88.
8
Let b be (2/(-1))/(3/(-12)). Let w(r) = -7*r - 5. Let n be w(5). Let g be (n/2)/((-2)/b). Calculate the highest common divisor of 8 and g.
8
Suppose 4*g = 3*g + 12. Calculate the greatest common divisor of g and 2.
2
Suppose -262 = -5*a + 238. What is the greatest common divisor of a and 20?
20
Let b be (1210/20)/(2/8). Suppose 5*c - b + 2 = 0. Calculate the greatest common factor of c and 12.
12
Let v = 4 - 1. Let q = -9 - -9. Suppose -k = 4*k + i - 27, -2*k - 2*i + 6 = q. Calculate the highest common factor of v and k.
3
Let c(j) = -j**3 + j**2 - 4*j + 4. Let l be c(-4). What is the greatest common factor of 40 and l?
20
Let o be (-3 - (-2 + -27))*1. Calculate the highest common factor of o and 39.
13
Let x = 27 - 3. What is the greatest common factor of 3 and x?
3
Suppose 6 = 2*q - 3*q. Let h = 0 - q. What is the greatest common divisor of 15 and h?
3
Let v(q) = q**3 - q**2 - q + 2. Let k be v(3). What is the highest common factor of 136 and k?
17
Let b = -39 + 84. Suppose b = -0*t - 5*t. Let p = 22 + t. Calculate the greatest common divisor of p and 65.
13
Let z(b) = -4*b**3 - 2*b**2 + 4*b + 2. Let u be z(-3). What is the greatest common divisor of u and 32?
16
Let k(u) = 3*u**3 - 4*u**2 + 4*u - 2. Let v be k(2). Calculate the greatest common factor of v and 21.
7
Let i be (-1)/3 + (-48)/(-9). Suppose 2 = d + i. Let r be ((-8)/(-6))/(d/(-162)). What is the greatest common divisor of r and 9?
9
Let k = 267 - 120. Let s be 116*-2*(-1)/4. Suppose p + 4*f = -9 + 26, 3*p + 5*f = s. What is the greatest common factor of p and k?
21
Let f(m) = 5*m**2. Let q = 19 - 13. Let g be 6*(16/q - 2). Let a be f(g). Calculate the greatest common divisor of a and 10.
10
Suppose 4*v - 3*v - 4*j - 24 = 0, -32 = -3*v + 4*j. Let z = 5 + 3. Calculate the highest common factor of z and v.
4
Suppose 2*g = -5*r + 106, 3*r - g = -0*g + 57. Calculate the greatest common factor of r and 140.
20
Let o = 50 - 16. What is the highest common divisor of o and 272?
34
Suppose 0 - 4 = 2*t. Let p = t + 4. Suppose p*i - 15 = i. What is the highest common divisor of i and 3?
3
Let i be ((-32)/(-6))/((-16)/(-24)). What is the highest common factor of i and 8?
8
Let g = 3 + -5. Let r = 1 - g. Suppose 2*c = -0*k - 4*k + 76, 4*k - 92 = 2*c. What is the greatest common factor of k and r?
3
Let j = 52 - 32. Suppose -2*q = -0*q - 10. What is the highest common divisor of q and j?
5
Suppose -2*y + 4*u + 272 = 8*u, -3*u - 156 = -y. What is the highest common factor of y and 9?
9
Let v = 138 - 57. Suppose -3*b = 2*m - v, -2*m = m + b - 139. Let z = 19 - 7. Calculate the greatest common divisor of m and z.
12
Let a(v) = 2*v**2 - 24*v - 53. Let y be a(17). Let f be 0 + (11/1 - -2). What is the highest common divisor of f and y?
13
Suppose -2*d + 0*d = 42. Let o(h) = -h - 8. Let s be o(-6). Let n be ((-2)/(-3))/(s/d). Calculate the greatest common factor of n and 35.
7
Suppose -c = -4*c + 9. Suppose -80 = c*i + i. Let s be ((-6)/5)/(8/i). What is the greatest common factor of 24 and s?
3
Suppose 0 = -o - j + 336, -3*o + 796 = -2*j - 232. Suppose a = -4*b + o, 0 = -3*a + 12. What is the highest common divisor of 12 and b?
12
Suppose s - 4 = -0*s. Calculate the highest common divisor of 8 and s.
4
Suppose 4*f - 223 = -k, -2*f - 6*k + 2*k + 108 = 0. Let m = 43 - 35. What is the highest common factor of m and f?
8
Let o be (6 - 5) + 3*-2. Let v = -3 - o. Suppose l - 66 = -v*l. Calculate the highest common factor of 33 and l.
11
Suppose 2*p - 3*s = 21, 2*p - 2*s - 2*s - 18 = 0. Let q(j) = -j - 5. Let b be q(0). Let t be 14/35 - 28/b. Calculate the highest common divisor of p and t.
3
Let z(f) = -f + 8. Let s be z(8). Suppose -8*a + a + 168 = s. What is the greatest common factor of a and 192?
24
Let x(c) = -c**3 - 9*c**2 + 2*c - 8. Let n be x(-6). Let w = 245 + n. Let z(d) = 3*d + 37. Let y be z(-8). What is the highest common divisor of w and y?
13
Let w(j) = -3*j**2 + 2*j**2 + 12*j**3 + 0*j**3 + 29*j**3. Let a be w(1). What is the greatest common divisor of a and 5?
5
Let n be -1 + 3 - (-102 - 0)*1. Calculate the greatest common factor of 78 and n.
26
Suppose 5*o - 73 = 17. Suppose -2*t + 5 = -5. Suppose k - 49 - t = 0. Calculate the greatest common divisor of o and k.
18
Let n(c) = 3*c - 6. Let p be n(3). What is the highest common factor of p and 6?
3
Let n be (5 + -3 - 3)*-171. Suppose -4*s = 5*r - n, -3*s + 134 = -r - r. Let b = -26 - -48. Calculate the highest common factor of s and b.
22
Suppose -4*d = -9 - 7. Calculate the greatest common divisor of d and 4.
4
Suppose 0 = -0*q + 3*q - 450. What is the greatest common factor of 60 and q?
30
Let i(p) = p + 11. Let f be i(5). Calculate the greatest common factor of 1 and f.
1
Suppose 2*o = -3*o. Suppose 0 = -3*n - 5*v + 622 + 192, o = -5*n - 5*v + 1370. Let f be (-3)/(-12) + n/8. What is the highest common divisor of 7 and f?
7
Suppose 9 = 4*t + 1. Suppose 3*l = 9, -t*j + 4*j + 2*l = 16. What is the highest common divisor of 40 and j?
5
Suppose 3*x - 3 = 0, 25 + 29 = o + 4*x. What is the highest common factor of 10 and o?
10
Suppose 4*g + 16 = 0, -18 = -2*z + 3*g - 4. Let x(r) = 23*r - 2. Let q be x(z). Calculate the highest common divisor of 189 and q.
21
Suppose -11*n + 24 = -7*n. What is the greatest common factor of n and 18?
6
Let k = -7 + 14. Suppose -k*a + 300 = -2*a. Calculate the greatest common factor of 40 and a.
20
Suppose -2*s + 6*s - 12 = 0. Suppose 2*y = -s*t + 37, -y + 30 - 10 = 2*t. Calculate the highest common factor of 42 and y.
14
Let z be 6*((-1)/3)/(-1). Suppose n - z*n =